4
What is the highest common divisor of 16 and 256?
16
Calculate the highest common factor of 112 and 48.
16
What is the highest common factor of 280 and 168?
56
What is the greatest common factor of 14 and 158?
2
Calculate the highest common factor of 162 and 54.
54
Calculate the greatest common factor of 2328 and 970.
194
Calculate the greatest common divisor of 296 and 222.
74
What is the highest common divisor of 76 and 95?
19
Calculate the highest common divisor of 24 and 5296.
8
What is the highest common divisor of 1314 and 306?
18
What is the highest common divisor of 1530 and 20?
10
What is the greatest common factor of 304 and 3572?
76
What is the highest common divisor of 4044 and 36?
12
Calculate the highest common factor of 40 and 7800.
40
Calculate the highest common divisor of 1131 and 221.
13
What is the highest common factor of 42 and 2289?
21
What is the greatest common factor of 640 and 720?
80
What is the highest common divisor of 171 and 1824?
57
Calculate the greatest common factor of 88 and 198.
22
Calculate the greatest common divisor of 840 and 180.
60
What is the greatest common divisor of 4 and 1034?
2
Calculate the highest common factor of 72 and 8982.
18
What is the highest common factor of 1344 and 21?
21
Calculate the greatest common divisor of 2451 and 645.
129
What is the highest common divisor of 940 and 20?
20
What is the highest common factor of 252 and 96?
12
What is the highest common factor of 120 and 4040?
40
Calculate the highest common divisor of 3051 and 27.
27
Calculate the greatest common factor of 194 and 8633.
97
Calculate the highest common factor of 24201 and 9.
9
Calculate the highest common divisor of 833 and 34.
17
Calculate the highest common factor of 86 and 2.
2
Calculate the greatest common factor of 2835 and 126.
63
Calculate the greatest common factor of 7 and 61.
1
What is the greatest common divisor of 176 and 72?
8
Calculate the highest common divisor of 365 and 584.
73
Calculate the greatest common factor of 78 and 18.
6
Calculate the greatest common factor of 3241 and 56.
7
Calculate the greatest common factor of 1 and 125.
1
Calculate the greatest common divisor of 46 and 1840.
46
Calculate the highest common factor of 8 and 12.
4
Calculate the highest common factor of 1178 and 62.
62
What is the highest common divisor of 20 and 50?
10
What is the greatest common factor of 210 and 1610?
70
Calculate the highest common factor of 69 and 1725.
69
Calculate the greatest common divisor of 6201 and 13.
13
What is the greatest common divisor of 82 and 32?
2
Calculate the greatest common factor of 1485 and 90.
45
What is the highest common factor of 10 and 160?
10
Calculate the highest common factor of 36 and 26055.
9
What is the highest common divisor of 6420 and 60?
60
What is the highest common factor of 1836 and 1728?
108
Calculate the highest common factor of 69 and 851.
23
Calculate the greatest common factor of 897 and 143.
13
What is the greatest common factor of 376 and 16?
8
Calculate the highest common divisor of 315 and 45.
45
What is the greatest common factor of 225 and 405?
45
Calculate the greatest common divisor of 750 and 600.
150
What is the highest common divisor of 1705 and 310?
155
What is the highest common factor of 1127 and 49?
49
What is the highest common divisor of 56 and 70?
14
What is the greatest common factor of 68 and 1581?
17
Calculate the highest common divisor of 637 and 13.
13
What is the greatest common divisor of 11152 and 164?
164
What is the highest common divisor of 2328 and 24?
24
Calculate the greatest common factor of 327 and 69.
3
What is the greatest common divisor of 104 and 65?
13
Calculate the highest common divisor of 178 and 89712.
178
What is the highest common divisor of 3 and 129?
3
Calculate the greatest common factor of 290 and 4698.
58
What is the greatest common factor of 808 and 24?
8
What is the greatest common divisor of 1974 and 378?
42
Calculate the highest common divisor of 1170 and 4030.
130
What is the greatest common divisor of 124 and 12?
4
What is the greatest common factor of 720 and 880?
80
What is the highest common divisor of 65 and 40?
5
What is the highest common divisor of 44 and 187?
11
What is the greatest common factor of 216 and 8?
8
Calculate the greatest common divisor of 1 and 49.
1
What is the greatest common divisor of 60 and 45?
15
What is the greatest common factor of 369 and 41?
41
Calculate the highest common divisor of 209 and 1349.
19
Calculate the highest common divisor of 1904 and 408.
136
Calculate the highest common factor of 474 and 1106.
158
What is the greatest common divisor of 29 and 145?
29
What is the greatest common divisor of 126 and 7?
7
Calculate the greatest common factor of 30 and 1920.
30
Calculate the highest common factor of 5607 and 105.
21
What is the greatest common divisor of 2720 and 10?
10
Calculate the greatest common factor of 99 and 135.
9
Calculate the highest common divisor of 97 and 291.
97
What is the highest common factor of 111 and 444?
111
Calculate the greatest common divisor of 16038 and 132.
66
What is the highest common divisor of 136 and 119?
17
What is the highest common factor of 8 and 14648?
8
Calculate the greatest common divisor of 14 and 1855.
7
What is the greatest common factor of 86 and 4?
2
Calculate the greatest common divisor of 2698 and 19.
19
Calculate the highest common divisor of 30 and 230.
10
What is the greatest common factor of 525 and 3045?
105
Calculate the highest common factor of 97 and 3589.
97
Calculate the highest common factor of 368 and 184.
184
What is the greatest common factor of 120 and 330?
30
What is the greatest common divisor of 1564 and 476?
68
Calculate the highest common factor of 611 and 793.
13
What is the greatest common divisor of 15 and 75?
15
What is the greatest common divisor of 273 and 39?
39
Calculate the highest common divisor of 48 and 120.
24
Calculate the highest common factor of 5 and 1570.
5
What is the greatest common factor of 86 and 15093?
43
What is the highest common divisor of 99 and 18909?
99
What is the greatest common divisor of 249 and 1079?
83
What is the greatest common factor of 64 and 1472?
64
Calculate the greatest common factor of 40 and 1740.
20
Calculate the highest common factor of 160 and 10.
10
What is the highest common divisor of 133 and 7?
7
What is the greatest common factor of 3741 and 903?
129
Calculate the greatest common factor of 61 and 1.
1
Calculate the greatest common factor of 8 and 184.
8
What is the greatest common divisor of 52 and 65?
13
What is the highest common factor of 364 and 196?
28
What is the highest common divisor of 51 and 969?
51
What is the greatest common factor of 6 and 114?
6
What is the highest common divisor of 2000 and 1280?
80
What is the highest common factor of 21 and 56?
7
What is the greatest common factor of 10 and 3?
1
What is the highest common factor of 1 and 457?
1
What is the greatest common divisor of 414 and 11385?
207
Calculate the greatest common factor of 18 and 738.
18
Calculate the highest common factor of 278 and 40.
2
What is the highest common divisor of 3157 and 574?
287
What is the greatest common divisor of 199 and 31442?
199
Calculate the highest common factor of 88 and 88.
88
What is the highest common factor of 344 and 10148?
172
What is the highest common divisor of 12 and 78?
6
What is the greatest common divisor of 252 and 35?
7
What is the highest common divisor of 23 and 56?
1
What is the greatest common factor of 288 and 608?
32
Calculate the highest common divisor of 8 and 134.
2
What is the highest common factor of 115 and 10?
5
What is the highest common divisor of 2529 and 9?
9
What is the highest common factor of 64 and 576?
64
Calculate the greatest common factor of 308 and 2212.
28
Calculate the greatest common divisor of 744 and 93.
93
Calculate the greatest common factor of 94 and 12502.
94
What is the highest common factor of 33 and 44?
11
What is the greatest common divisor of 14 and 1134?
14
Calculate the greatest common factor of 228 and 972.
12
Calculate the greatest common divisor of 7 and 329.
7
What is the highest common factor of 3 and 177?
3
Calculate the highest common factor of 325 and 130